*f + 3*f. Suppose -h + 3*t - 15 = -37, -4*h + f*t = -61. What is the remainder when s is divided by h?
10
Let y = 5 + -5. Suppose 4*f - f + 309 = y. Let k = f - -148. What is the remainder when k is divided by 12?
9
Suppose 3*o - 8 = o. Let h(t) = 2*t**2 + t + 5. What is the remainder when h(o) is divided by 7/(-4)*(6 + -10)?
6
Suppose y = -3*q - 3*y + 40, -5*q + 2*y = -58. Let p be (-627)/(-2) - q/8. Suppose -3*l + p = 3*l. What is the remainder when l is divided by 11?
8
Suppose 6*x = x - 60. Let m(f) = -f**3 + 9*f**2 - f + 1. What is the remainder when m(6) is divided by (-39)/(0 - x/(-8))?
25
Suppose 3*f + 4*y - 44 = 0, y - 4 = 2*f - 26. What is the remainder when 46 is divided by f?
10
Suppose 2*h = 4*p, 4*h = -18*p + 13*p + 65. Calculate the remainder when 1797 is divided by h.
7
Suppose -3*s = y - 8, 2*y = -5*s - 0*s + 17. Calculate the remainder when 470 is divided by y.
8
Suppose 7*f = 4*f - 2*v + 77, -v = 3*f - 70. Suppose -4*i + 2*p = -238, -p = -i - 2*i + 181. What is the remainder when i is divided by f?
20
Let c be (8/(-12))/(4/6). Let n = c + 8. Let s = -15 + 40. Calculate the remainder when s is divided by n.
4
Let m = -83 - -86. Suppose 4*v - m*a - 42 = -14, 8 = 2*a. Calculate the remainder when v is divided by 8.
2
Let x be 6/(50/(-28) - -2). Suppose -q + 5*q + 24 = -2*p, 0 = 4*q + 4*p + x. What is the remainder when 24 is divided by (13/(-5))/(1/q)?
11
Let s(i) = i + 6*i - 5 - 8 + 12*i. What is the remainder when s(4) is divided by 17?
12
Let w be (9 - -1)/(7/(-70)). Let n = -61 - -3. Let d = n - w. Calculate the remainder when d is divided by 15.
12
Suppose -2*v + 50 - 21 = -5*b, -v + b = -7. What is the remainder when 430 is divided by v?
0
Let l = 149 + -101. Suppose 2*n - n - 3*x = 28, -3*x = 3*n - l. Calculate the remainder when 3/(-4)*18*-4 is divided by n.
16
Calculate the remainder when 217 is divided by (-28 - -32)*(-11)/4*-1.
8
Let y(h) = 8*h**2 + 117*h - 5. Calculate the remainder when y(-15) is divided by 15.
10
Let d(w) be the third derivative of w**6/120 - 9*w**5/20 - 29*w**4/24 + 43*w**3/6 + 22*w**2. Calculate the remainder when 74 is divided by d(28).
14
Let l = 26 - 11. Calculate the remainder when (l + -18)*(-28)/6 is divided by 4.
2
Suppose 5*i = -4*u + 23, i + 22 = 2*u + u. Suppose 7 = m + 3*a - 4, -4*m + 4*a = -124. What is the remainder when m is divided by u?
5
Suppose 0 = 115*t + 10*t - 7625. Calculate the remainder when 114 is divided by t.
53
What is the remainder when 163 is divided by (-117)/78*(-38)/12*4?
11
Let y(f) = 5*f**2 + 4*f + 3. Let w(n) = -4*n**2 - 5*n - 2. Let r(v) = 7*w(v) + 6*y(v). Calculate the remainder when r(10) is divided by 24.
22
Let y(q) = -7*q**3 - 3*q**2 - q + 1. Let h be y(-1). What is the remainder when 27 is divided by 1*-14*(-3)/h?
6
Let z(k) = 71*k**2 + 20*k + 29. Calculate the remainder when 285 is divided by z(-2).
12
Let l = -20 + 29. Suppose w = 3*w - 68. What is the remainder when w is divided by l?
7
Let g = -77 + 86. Calculate the remainder when 43 is divided by g.
7
Let s(q) = 5 + 2*q**2 - 23*q**3 - 23*q**3 + 47*q**3. Calculate the remainder when s(3) is divided by 17.
16
Let t(r) = 7*r + 10. Let k be t(-2). Let i(j) = -j**3 - 3*j**2 + 3*j + 5. Calculate the remainder when i(k) is divided by 8.
1
Let j = -19 + 26. What is the remainder when j is divided by (-10)/(-30) + (-15)/(-9)?
1
Let w = 54 + -11. Suppose -2*n - 27 = -3*m, -12*n = -2*m - 8*n + 10. What is the remainder when w is divided by m?
10
Let v be 4/6 + (-4)/6. Suppose 3*t + 11 = 2, 3*c = 2*t + 18. Suppose -16 = -c*z - v. What is the remainder when 5 is divided by z?
1
Let r(g) = 3*g + 14. Let a be r(-4). Let w(s) = 13*s**2 + 4*s - 1. Suppose -5*p + 32 = -3*p. What is the remainder when w(a) is divided by p?
11
Let l(u) = 11*u**2 - 6. Calculate the remainder when l(2) is divided by 10.
8
Let f = 10 - -2. Suppose -9 = -l + 4*l, -4*m + 137 = l. What is the remainder when m is divided by f?
11
Let z(q) = -9*q**3 + 6*q + 7. Let p(b) be the second derivative of 5*b**3/6 - b**2 - 3*b. What is the remainder when p(6) is divided by z(-1)?
8
Suppose -12*n - 3*n = -255. Calculate the remainder when 167 is divided by n.
14
Let m(l) = -16*l - 34. Let z be m(8). Let j = 58 - z. Calculate the remainder when j is divided by 37.
35
Suppose 0 = -j + 6*j - 4*u - 827, -843 = -5*j - 4*u. Let y be j - (-1 + -1 + -1). Suppose -115 = -5*m + y. What is the remainder when m is divided by 15?
12
Suppose -176*l = -178*l + 124. What is the remainder when l is divided by 31?
0
Suppose 94*r - 45297 = 31*r. What is the remainder when r is divided by 80?
79
Let t(i) = -i**3 + 2*i**2 + i + 4. Let r be t(5). Let f be (-9)/((1/2)/(7/(-2))). Calculate the remainder when 19 is divided by r/(-14) + 18/f.
4
Let j = -5 - -8. Suppose -6*h + 48 = -j*h. Calculate the remainder when h is divided by 6.
4
Calculate the remainder when 2 + (-2824)/(-18) - 57/(-513) is divided by 18.
15
Calculate the remainder when 292 is divided by 998/10 + (-25)/(-125).
92
Suppose -3*p + 2*p = -67. Let q(n) = -5*n - 3. Let o(d) = -d**3 - 8*d**2 - 6*d + 3. Let x be o(-7). What is the remainder when p is divided by q(x)?
16
Suppose -3*g + 7 + 5 = 0. Suppose -2*z + 46 = 3*i, -g*i + 2*i + 39 = 3*z. What is the remainder when 73 is divided by i + 2 - -2 - 1?
13
Suppose 59*i - 222 = 53*i. Calculate the remainder when 46 is divided by i.
9
Let q(s) = 25*s - 118. What is the remainder when q(9) is divided by 6?
5
What is the remainder when 221 is divided by ((-426)/(-14))/(220/(-77) - -3)?
8
Suppose -2*t - t - 5*d = 16, 10 = -2*d. Suppose -20 = b - t*b. What is the remainder when b is divided by 2/(-3)*3 + 9?
3
Suppose 0 = 5*a + i - 98, 0 = -4*a - 3*i - 0*i + 74. Calculate the remainder when (5 - 1 - 10) + 44 is divided by a.
18
Suppose t = 2*z - 23, 0*z = -2*z + 2*t + 18. Let d(n) = -n**3 + 12*n**2 + 15*n - 17. What is the remainder when z is divided by d(13)?
5
Suppose d + 2*g - 13 - 21 = 0, -g = -d + 19. Let p = d - 15. Suppose 5 = 2*k - p. What is the remainder when k is divided by 5?
2
Let y = -327 - -376. Calculate the remainder when 683 is divided by y.
46
Suppose -289 = -5*u + 46. What is the remainder when u is divided by 15?
7
Let a be 1/(-1) + (-12)/(-2). Suppose -a = -2*p + 5. What is the remainder when (-3)/((-42)/340) - (-52)/(-182) is divided by p?
4
Let s(w) = 3*w**2 + w**3 - 6 - 9*w**3 + 5 + 2*w. What is the remainder when s(-2) is divided by 37?
34
Let x = -272 + 299. Calculate the remainder when 160 is divided by x.
25
Let z(d) = d**3 + 12*d**2 - 15*d - 32. Let o be z(-13). Let s = o + 10. Calculate the remainder when 12 is divided by s.
0
Let o(v) = 2*v + 19. Calculate the remainder when 134 is divided by o(4).
26
Suppose -2*f + 0 = 2. Let g(y) = -12*y**3 + 2*y**2 + y. Suppose 0 = 75*z - 105*z + 690. Calculate the remainder when z is divided by g(f).
10
Suppose 21*f - 10629 + 117 = -51*f. Suppose 0 = 4*w - 120 - 80. Calculate the remainder when f is divided by w.
46
Let t = 97 - 70. Suppose 60 = -t*s + 31*s. What is the remainder when 23 is divided by s?
8
What is the remainder when -3 + (-41)/(-4 - -3) is divided by (-16)/(-6)*(-315)/(-84)?
8
Let u(y) = -y**2 - 16*y - 33. Suppose 0 = -5*r + 311 - 1. What is the remainder when r is divided by u(-5)?
18
Let f(k) = -k**2 - 20*k + 50. Calculate the remainder when 248 is divided by f(-20).
48
Suppose -2*k = k - 0*k. Calculate the remainder when (8/(-4) - k) + 121 is divided by 40.
39
Suppose -5*c = -4*k - 13, -7*c + 2*c + 25 = 0. Calculate the remainder when 89 is divided by k.
2
Suppose 597 = 19*s - 334. Calculate the remainder when s is divided by 25.
24
Suppose -2*h - n + 24 = -6*n, 0 = -2*h + 2*n + 36. Calculate the remainder when 43 is divided by h.
21
Suppose 3*z - 4*n - 121 = 0, z - 114 = -z - 4*n. Suppose 4*u + 5*i = -103 - 8, 4*i = 20. Let d = u + z. Calculate the remainder when 24 is divided by d.
11
Suppose 72 = 9*r - 576. Calculate the remainder when r is divided by 5.
2
Let n(a) = 5*a**2 + 2*a - 2. Suppose -4 = 2*d - 0*d. Let p = 455 + -429. Calculate the remainder when p is divided by n(d).
12
Let b(y) = 96*y - 1. Let d = 193 - 179. Calculate the remainder when b(1) is divided by d.
11
Suppose -85 = 5*i + 140. Let y = -10 - i. Calculate the remainder when 45 is divided by (-4)/7 - (-825)